{"id":7139,"date":"2017-06-28T13:23:26","date_gmt":"2017-06-28T13:23:26","guid":{"rendered":"https:\/\/www.pax-travel.com\/es\/destinos\/pocitelj\/"},"modified":"2017-06-30T16:17:45","modified_gmt":"2017-06-30T16:17:45","slug":"pocitelj","status":"publish","type":"page","link":"https:\/\/www.pax-travel.com\/es\/destinos\/pocitelj\/","title":{"rendered":"Po\u010ditelj"},"content":{"rendered":"<div class=\"fusion-fullwidth fullwidth-box fusion-fullwidth-1  fusion-parallax-none nonhundred-percent-fullwidth\" style=\"border-color:#eae9e9;border-bottom-width: 0px;border-top-width: 0px;border-bottom-style: solid;border-top-style: solid;padding-bottom:20px;padding-top:20px;padding-left:;padding-right:;background-color:rgba(255,255,255,0);\"><style type=\"text\/css\" scoped=\"scoped\">.fusion-fullwidth-1 {\n                            padding-left: px !important;\n                            padding-right: px !important;\n                        }<\/style><div class=\"fusion-row\"><div class=\"fusion-one-full fusion-layout-column fusion-column-last fusion-spacing-yes\" style=\"margin-top:0px;margin-bottom:20px;\"><div class=\"fusion-column-wrapper\"><h1>Po\u010ditelj<\/h1>\n<div class=\"fusion-clearfix\"><\/div><\/div><\/div><div class=\"fusion-clearfix\"><\/div><div class=\"fusion-one-third fusion-layout-column fusion-spacing-yes\" style=\"margin-top:0px;margin-bottom:20px;\"><div class=\"fusion-column-wrapper\"><p>Peque\u00f1a ciudad oriental que se encuentra en la lista de UNESCO patrimonio mundial. En los altos acantilados sobre el Neretva, dominado por unas fortificaciones defensivas medievales que est\u00e1 ubicado debajo de la liquidaci\u00f3n pl\u00e1cida. Probablemente exist\u00eda antes, pero Pocitelj fue mencionado por primera vez en los documentos escritos en 1444, se supone que fue construido por el rey de Bosnia Tvrtko en 1383. Esta ciudad medieval ten\u00eda una mirada mediterr\u00e1nea, pero despu\u00e9s de la conquista turca oriental fue redise\u00f1ado. Una mezcla de estos dos estilos arquitect\u00f3nicos da Pocitelj dimensi\u00f3n especial. Adem\u00e1s de su impresionante arquitectura oriental de estilo otomano, Pocitelj es interesante y conocido como el anfitri\u00f3n de la colonia de arte con m\u00e1s tradici\u00f3n en el sureste de Europa.<\/p>\n<div class=\"fusion-clearfix\"><\/div><\/div><\/div><div class=\"fusion-two-third fusion-layout-column fusion-column-last fusion-spacing-yes\" style=\"margin-top:0px;margin-bottom:20px;\"><div class=\"fusion-column-wrapper\" style=\"background:url(https:\/\/www.pax-travel.com\/wp-content\/uploads\/2016\/03\/cover-pocitelj.jpg) left top no-repeat ;-webkit-background-size:cover;-moz-background-size:cover;-o-background-size:cover;background-size:cover;\" data-bg-url=\"https:\/\/www.pax-travel.com\/wp-content\/uploads\/2016\/03\/cover-pocitelj.jpg\"><div class=\"fusion-clearfix\"><\/div><\/div><\/div><div class=\"fusion-clearfix\"><\/div><div class=\"fusion-sep-clear\"><\/div><div class=\"fusion-separator fusion-full-width-sep sep-single\" style=\"border-color:#000000;border-top-width:1px;margin-left: auto;margin-right: auto;margin-top:;margin-bottom:30px;\"><\/div><h2>Para informaci\u00f3n:<\/h2>\n\n<div class=\"wpcf7 no-js\" id=\"wpcf7-f2983-o1\" lang=\"it-IT\" dir=\"ltr\">\n<div class=\"screen-reader-response\"><p role=\"status\" aria-live=\"polite\" aria-atomic=\"true\"><\/p> <ul><\/ul><\/div>\n<form action=\"\/es\/wp-json\/wp\/v2\/pages\/7139#wpcf7-f2983-o1\" method=\"post\" class=\"wpcf7-form init\" aria-label=\"Modulo di contatto\" novalidate=\"novalidate\" data-status=\"init\">\n<div style=\"display: none;\">\n<input type=\"hidden\" name=\"_wpcf7\" value=\"2983\" \/>\n<input type=\"hidden\" name=\"_wpcf7_version\" value=\"5.8.1\" \/>\n<input type=\"hidden\" name=\"_wpcf7_locale\" value=\"it_IT\" \/>\n<input type=\"hidden\" name=\"_wpcf7_unit_tag\" value=\"wpcf7-f2983-o1\" \/>\n<input type=\"hidden\" name=\"_wpcf7_container_post\" value=\"0\" \/>\n<input type=\"hidden\" name=\"_wpcf7_posted_data_hash\" value=\"\" \/>\n<\/div>\n<p>Su nombre (requerido)\n<\/p>\n<p><span class=\"wpcf7-form-control-wrap\" data-name=\"your-name\"><input size=\"40\" class=\"wpcf7-form-control wpcf7-text wpcf7-validates-as-required\" aria-required=\"true\" aria-invalid=\"false\" value=\"\" type=\"text\" name=\"your-name\" \/><\/span>\n<\/p>\n<p>Su E-Mail (requerido)\n<\/p>\n<p><span class=\"wpcf7-form-control-wrap\" data-name=\"your-email\"><input size=\"40\" class=\"wpcf7-form-control wpcf7-email wpcf7-validates-as-required wpcf7-text wpcf7-validates-as-email\" aria-required=\"true\" aria-invalid=\"false\" value=\"\" type=\"email\" name=\"your-email\" \/><\/span>\n<\/p>\n<p>Asunto\n<\/p>\n<p><span class=\"wpcf7-form-control-wrap\" data-name=\"your-subject\"><input size=\"40\" class=\"wpcf7-form-control wpcf7-text\" aria-invalid=\"false\" value=\"\" type=\"text\" name=\"your-subject\" \/><\/span>\n<\/p>\n<p>Su Mensaje\n<\/p>\n<p><span class=\"wpcf7-form-control-wrap\" data-name=\"your-message\"><textarea cols=\"40\" rows=\"10\" class=\"wpcf7-form-control wpcf7-textarea\" aria-invalid=\"false\" name=\"your-message\"><\/textarea><\/span>\n<\/p>\n<p><span class=\"wpcf7-form-control-wrap\" data-name=\"acceptance-686\"><span class=\"wpcf7-form-control wpcf7-acceptance\"><span class=\"wpcf7-list-item\"><input type=\"checkbox\" name=\"acceptance-686\" value=\"1\" aria-invalid=\"false\" \/><\/span><\/span><\/span> Doy mi consentimiento para el procesamiento de mis datos personales. Ver <a href=\"https:\/\/www.pax-travel.com\/es\/politica-de-privacidad-y-cookies\/\">Aviso de Privacidad<\/a>.\n<\/p>\n<p><input class=\"wpcf7-form-control wpcf7-submit has-spinner\" type=\"submit\" value=\"Enviar\" \/>\n<\/p><div class=\"wpcf7-response-output\" aria-hidden=\"true\"><\/div>\n<\/form>\n<\/div>\n\n<\/div><\/div>\n<p><a href=\"\/\/www.pinterest.com\/pin\/create\/button\/\" data-pin-do=\"buttonBookmark\" data-pin-color=\"red\" data-pin-height=\"128\"><img src=\"\/\/assets.pinterest.com\/images\/pidgets\/pinit_fg_en_rect_red_28.png\" \/><\/a><\/p>","protected":false},"excerpt":{"rendered":"","protected":false},"author":1,"featured_media":0,"parent":3879,"menu_order":0,"comment_status":"closed","ping_status":"closed","template":"","meta":{"footnotes":""},"yoast_head":"<!-- This site is optimized with the Yoast SEO plugin v21.2 - https:\/\/yoast.com\/wordpress\/plugins\/seo\/ -->\n<title>Po\u010ditelj - Pax Travel - Medjugorje<\/title>\n<meta name=\"robots\" content=\"index, follow, max-snippet:-1, max-image-preview:large, max-video-preview:-1\" \/>\n<link rel=\"canonical\" href=\"https:\/\/www.pax-travel.com\/destinazioni\/pocitelj\/\" \/>\n<meta property=\"og:locale\" content=\"es_ES\" \/>\n<meta property=\"og:type\" content=\"article\" \/>\n<meta property=\"og:title\" content=\"Po\u010ditelj - Pax Travel - Medjugorje\" \/>\n<meta property=\"og:url\" content=\"https:\/\/www.pax-travel.com\/destinazioni\/pocitelj\/\" \/>\n<meta property=\"og:site_name\" content=\"Pax Travel - Medjugorje\" \/>\n<meta property=\"article:modified_time\" content=\"2017-06-30T16:17:45+00:00\" \/>\n<meta name=\"twitter:card\" content=\"summary_large_image\" \/>\n<meta name=\"twitter:label1\" content=\"Tiempo de lectura\" \/>\n\t<meta name=\"twitter:data1\" content=\"2 minutos\" \/>\n<script type=\"application\/ld+json\" class=\"yoast-schema-graph\">{\"@context\":\"https:\/\/schema.org\",\"@graph\":[{\"@type\":\"WebPage\",\"@id\":\"https:\/\/www.pax-travel.com\/destinazioni\/pocitelj\/\",\"url\":\"https:\/\/www.pax-travel.com\/destinazioni\/pocitelj\/\",\"name\":\"Po\u010ditelj - Pax Travel - Medjugorje\",\"isPartOf\":{\"@id\":\"https:\/\/www.pax-travel.com\/#website\"},\"datePublished\":\"2017-06-28T13:23:26+00:00\",\"dateModified\":\"2017-06-30T16:17:45+00:00\",\"breadcrumb\":{\"@id\":\"https:\/\/www.pax-travel.com\/destinazioni\/pocitelj\/#breadcrumb\"},\"inLanguage\":\"es\",\"potentialAction\":[{\"@type\":\"ReadAction\",\"target\":[\"https:\/\/www.pax-travel.com\/destinazioni\/pocitelj\/\"]}]},{\"@type\":\"BreadcrumbList\",\"@id\":\"https:\/\/www.pax-travel.com\/destinazioni\/pocitelj\/#breadcrumb\",\"itemListElement\":[{\"@type\":\"ListItem\",\"position\":1,\"name\":\"Home\",\"item\":\"https:\/\/www.pax-travel.com\/es\/\"},{\"@type\":\"ListItem\",\"position\":2,\"name\":\"DESTINOS\",\"item\":\"https:\/\/www.pax-travel.com\/es\/destinos\/\"},{\"@type\":\"ListItem\",\"position\":3,\"name\":\"Po\u010ditelj\"}]},{\"@type\":\"WebSite\",\"@id\":\"https:\/\/www.pax-travel.com\/#website\",\"url\":\"https:\/\/www.pax-travel.com\/\",\"name\":\"Pax Travel - Medjugorje\",\"description\":\"Agencia de viajes en Medjugorje\",\"potentialAction\":[{\"@type\":\"SearchAction\",\"target\":{\"@type\":\"EntryPoint\",\"urlTemplate\":\"https:\/\/www.pax-travel.com\/?s={search_term_string}\"},\"query-input\":\"required name=search_term_string\"}],\"inLanguage\":\"es\"}]}<\/script>\n<!-- \/ Yoast SEO plugin. -->","yoast_head_json":{"title":"Po\u010ditelj - Pax Travel - Medjugorje","robots":{"index":"index","follow":"follow","max-snippet":"max-snippet:-1","max-image-preview":"max-image-preview:large","max-video-preview":"max-video-preview:-1"},"canonical":"https:\/\/www.pax-travel.com\/destinazioni\/pocitelj\/","og_locale":"es_ES","og_type":"article","og_title":"Po\u010ditelj - Pax Travel - Medjugorje","og_url":"https:\/\/www.pax-travel.com\/destinazioni\/pocitelj\/","og_site_name":"Pax Travel - Medjugorje","article_modified_time":"2017-06-30T16:17:45+00:00","twitter_card":"summary_large_image","twitter_misc":{"Tiempo de lectura":"2 minutos"},"schema":{"@context":"https:\/\/schema.org","@graph":[{"@type":"WebPage","@id":"https:\/\/www.pax-travel.com\/destinazioni\/pocitelj\/","url":"https:\/\/www.pax-travel.com\/destinazioni\/pocitelj\/","name":"Po\u010ditelj - Pax Travel - Medjugorje","isPartOf":{"@id":"https:\/\/www.pax-travel.com\/#website"},"datePublished":"2017-06-28T13:23:26+00:00","dateModified":"2017-06-30T16:17:45+00:00","breadcrumb":{"@id":"https:\/\/www.pax-travel.com\/destinazioni\/pocitelj\/#breadcrumb"},"inLanguage":"es","potentialAction":[{"@type":"ReadAction","target":["https:\/\/www.pax-travel.com\/destinazioni\/pocitelj\/"]}]},{"@type":"BreadcrumbList","@id":"https:\/\/www.pax-travel.com\/destinazioni\/pocitelj\/#breadcrumb","itemListElement":[{"@type":"ListItem","position":1,"name":"Home","item":"https:\/\/www.pax-travel.com\/es\/"},{"@type":"ListItem","position":2,"name":"DESTINOS","item":"https:\/\/www.pax-travel.com\/es\/destinos\/"},{"@type":"ListItem","position":3,"name":"Po\u010ditelj"}]},{"@type":"WebSite","@id":"https:\/\/www.pax-travel.com\/#website","url":"https:\/\/www.pax-travel.com\/","name":"Pax Travel - Medjugorje","description":"Agencia de viajes en Medjugorje","potentialAction":[{"@type":"SearchAction","target":{"@type":"EntryPoint","urlTemplate":"https:\/\/www.pax-travel.com\/?s={search_term_string}"},"query-input":"required name=search_term_string"}],"inLanguage":"es"}]}},"_links":{"self":[{"href":"https:\/\/www.pax-travel.com\/es\/wp-json\/wp\/v2\/pages\/7139"}],"collection":[{"href":"https:\/\/www.pax-travel.com\/es\/wp-json\/wp\/v2\/pages"}],"about":[{"href":"https:\/\/www.pax-travel.com\/es\/wp-json\/wp\/v2\/types\/page"}],"author":[{"embeddable":true,"href":"https:\/\/www.pax-travel.com\/es\/wp-json\/wp\/v2\/users\/1"}],"replies":[{"embeddable":true,"href":"https:\/\/www.pax-travel.com\/es\/wp-json\/wp\/v2\/comments?post=7139"}],"version-history":[{"count":1,"href":"https:\/\/www.pax-travel.com\/es\/wp-json\/wp\/v2\/pages\/7139\/revisions"}],"predecessor-version":[{"id":7140,"href":"https:\/\/www.pax-travel.com\/es\/wp-json\/wp\/v2\/pages\/7139\/revisions\/7140"}],"up":[{"embeddable":true,"href":"https:\/\/www.pax-travel.com\/es\/wp-json\/wp\/v2\/pages\/3879"}],"wp:attachment":[{"href":"https:\/\/www.pax-travel.com\/es\/wp-json\/wp\/v2\/media?parent=7139"}],"curies":[{"name":"wp","href":"https:\/\/api.w.org\/{rel}","templated":true}]}}

Počitelj

<div class="fusion-fullwidth fullwidth-box fusion-fullwidth-1  fusion-parallax-none nonhundred-percent-fullwidth" style="border-color:#eae9e9;border-bottom-width: 0px;border-top-width: 0px;border-bottom-style: solid;border-top-style: solid;padding-bottom:20px;padding-top:20px;padding-left:;padding-right:;background-color:rgba(255,255,255,0);"><style type="text/css" scoped="scoped">.fusion-fullwidth-1 {
                            padding-left: px !important;
                            padding-right: px !important;
                        }</style><div class="fusion-row"><div class="fusion-one-full fusion-layout-column fusion-column-last fusion-spacing-yes" style="margin-top:0px;margin-bottom:20px;"><div class="fusion-column-wrapper"><h1>Počitelj</h1>
<div class="fusion-clearfix"></div></div></div><div class="fusion-clearfix"></div><div class="fusion-one-third fusion-layout-column fusion-spacing-yes" style="margin-top:0px;margin-bottom:20px;"><div class="fusion-column-wrapper"><p>Pequeña ciudad oriental que se encuentra en la lista de UNESCO patrimonio mundial. En los altos acantilados sobre el Neretva, dominado por unas fortificaciones defensivas medievales que está ubicado debajo de la liquidación plácida. Probablemente existía antes, pero Pocitelj fue mencionado por primera vez en los documentos escritos en 1444, se supone que fue construido por el rey de Bosnia Tvrtko en 1383. Esta ciudad medieval tenía una mirada mediterránea, pero después de la conquista turca oriental fue rediseñado. Una mezcla de estos dos estilos arquitectónicos da Pocitelj dimensión especial. Además de su impresionante arquitectura oriental de estilo otomano, Pocitelj es interesante y conocido como el anfitrión de la colonia de arte con más tradición en el sureste de Europa.</p>
<div class="fusion-clearfix"></div></div></div><div class="fusion-two-third fusion-layout-column fusion-column-last fusion-spacing-yes" style="margin-top:0px;margin-bottom:20px;"><div class="fusion-column-wrapper" style="background:url(https://www.pax-travel.com/wp-content/uploads/2016/03/cover-pocitelj.jpg) left top no-repeat ;-webkit-background-size:cover;-moz-background-size:cover;-o-background-size:cover;background-size:cover;" data-bg-url="https://www.pax-travel.com/wp-content/uploads/2016/03/cover-pocitelj.jpg"><div class="fusion-clearfix"></div></div></div><div class="fusion-clearfix"></div><div class="fusion-sep-clear"></div><div class="fusion-separator fusion-full-width-sep sep-single" style="border-color:#000000;border-top-width:1px;margin-left: auto;margin-right: auto;margin-top:;margin-bottom:30px;"></div><h2>Para información:</h2>

<div class="wpcf7 no-js" id="wpcf7-f2983-o1" lang="it-IT" dir="ltr">
<div class="screen-reader-response"><p role="status" aria-live="polite" aria-atomic="true"></p> <ul></ul></div>
<form action="/es/wp-json/wp/v2/pages/7139#wpcf7-f2983-o1" method="post" class="wpcf7-form init" aria-label="Modulo di contatto" novalidate="novalidate" data-status="init">
<div style="display: none;">
<input type="hidden" name="_wpcf7" value="2983" />
<input type="hidden" name="_wpcf7_version" value="5.8.1" />
<input type="hidden" name="_wpcf7_locale" value="it_IT" />
<input type="hidden" name="_wpcf7_unit_tag" value="wpcf7-f2983-o1" />
<input type="hidden" name="_wpcf7_container_post" value="0" />
<input type="hidden" name="_wpcf7_posted_data_hash" value="" />
</div>
<p>Su nombre (requerido)
</p>
<p><span class="wpcf7-form-control-wrap" data-name="your-name"><input size="40" class="wpcf7-form-control wpcf7-text wpcf7-validates-as-required" aria-required="true" aria-invalid="false" value="" type="text" name="your-name" /></span>
</p>
<p>Su E-Mail (requerido)
</p>
<p><span class="wpcf7-form-control-wrap" data-name="your-email"><input size="40" class="wpcf7-form-control wpcf7-email wpcf7-validates-as-required wpcf7-text wpcf7-validates-as-email" aria-required="true" aria-invalid="false" value="" type="email" name="your-email" /></span>
</p>
<p>Asunto
</p>
<p><span class="wpcf7-form-control-wrap" data-name="your-subject"><input size="40" class="wpcf7-form-control wpcf7-text" aria-invalid="false" value="" type="text" name="your-subject" /></span>
</p>
<p>Su Mensaje
</p>
<p><span class="wpcf7-form-control-wrap" data-name="your-message"><textarea cols="40" rows="10" class="wpcf7-form-control wpcf7-textarea" aria-invalid="false" name="your-message"></textarea></span>
</p>
<p><span class="wpcf7-form-control-wrap" data-name="acceptance-686"><span class="wpcf7-form-control wpcf7-acceptance"><span class="wpcf7-list-item"><input type="checkbox" name="acceptance-686" value="1" aria-invalid="false" /></span></span></span> Doy mi consentimiento para el procesamiento de mis datos personales. Ver <a href="https://www.pax-travel.com/es/politica-de-privacidad-y-cookies/">Aviso de Privacidad</a>.
</p>
<p><input class="wpcf7-form-control wpcf7-submit has-spinner" type="submit" value="Enviar" />
</p><div class="wpcf7-response-output" aria-hidden="true"></div>
</form>
</div>

</div></div>
<p><a href="//www.pinterest.com/pin/create/button/" data-pin-do="buttonBookmark" data-pin-color="red" data-pin-height="128"><img src="//assets.pinterest.com/images/pidgets/pinit_fg_en_rect_red_28.png" /></a></p>

<!-- This site is optimized with the Yoast SEO plugin v21.2 - https://yoast.com/wordpress/plugins/seo/ -->
<title>Počitelj - Pax Travel - Medjugorje</title>
<meta name="robots" content="index, follow, max-snippet:-1, max-image-preview:large, max-video-preview:-1" />
<link rel="canonical" href="https://www.pax-travel.com/destinazioni/pocitelj/" />
<meta property="og:locale" content="es_ES" />
<meta property="og:type" content="article" />
<meta property="og:title" content="Počitelj - Pax Travel - Medjugorje" />
<meta property="og:url" content="https://www.pax-travel.com/destinazioni/pocitelj/" />
<meta property="og:site_name" content="Pax Travel - Medjugorje" />
<meta property="article:modified_time" content="2017-06-30T16:17:45+00:00" />
<meta name="twitter:card" content="summary_large_image" />
<meta name="twitter:label1" content="Tiempo de lectura" />
	<meta name="twitter:data1" content="2 minutos" />
<script type="application/ld+json" class="yoast-schema-graph">{"@context":"https://schema.org","@graph":[{"@type":"WebPage","@id":"https://www.pax-travel.com/destinazioni/pocitelj/","url":"https://www.pax-travel.com/destinazioni/pocitelj/","name":"Počitelj - Pax Travel - Medjugorje","isPartOf":{"@id":"https://www.pax-travel.com/#website"},"datePublished":"2017-06-28T13:23:26+00:00","dateModified":"2017-06-30T16:17:45+00:00","breadcrumb":{"@id":"https://www.pax-travel.com/destinazioni/pocitelj/#breadcrumb"},"inLanguage":"es","potentialAction":[{"@type":"ReadAction","target":["https://www.pax-travel.com/destinazioni/pocitelj/"]}]},{"@type":"BreadcrumbList","@id":"https://www.pax-travel.com/destinazioni/pocitelj/#breadcrumb","itemListElement":[{"@type":"ListItem","position":1,"name":"Home","item":"https://www.pax-travel.com/es/"},{"@type":"ListItem","position":2,"name":"DESTINOS","item":"https://www.pax-travel.com/es/destinos/"},{"@type":"ListItem","position":3,"name":"Počitelj"}]},{"@type":"WebSite","@id":"https://www.pax-travel.com/#website","url":"https://www.pax-travel.com/","name":"Pax Travel - Medjugorje","description":"Agencia de viajes en Medjugorje","potentialAction":[{"@type":"SearchAction","target":{"@type":"EntryPoint","urlTemplate":"https://www.pax-travel.com/?s={search_term_string}"},"query-input":"required name=search_term_string"}],"inLanguage":"es"}]}</script>
<!-- / Yoast SEO plugin. -->

Počitelj - Pax Travel - Medjugorje
